{"id":109,"date":"2016-02-01T04:45:14","date_gmt":"2016-02-01T09:45:14","guid":{"rendered":"http:\/\/baquiana.com\/bookstore\/?post_type=product&#038;p=105"},"modified":"2021-10-11T21:48:05","modified_gmt":"2021-10-12T01:48:05","slug":"revista-literaria-baquiana-anuario-v-2003-2004","status":"publish","type":"product","link":"https:\/\/www.baquiana.com\/bookstore\/product\/revista-literaria-baquiana-anuario-v-2003-2004\/","title":{"rendered":"REVISTA LITERARIA BAQUIANA &#8211; ANUARIO V (2003-2004)"},"content":{"rendered":"<h1>\u00cdndice<\/h1>\n<h3>Poes\u00eda<\/h3>\n<p><strong>\u00a7 Jos\u00e9 Abreu Felippe \/ 19<\/strong><br \/>\n<strong>\u00a7 Leonora Acu\u00f1a de Marmolejo\u00a0\/ 20<\/strong><br \/>\n<strong>\u00a7\u00a0Santiago Azar\u00a0\/\u00a021<\/strong><br \/>\n<strong>\u00a7 Mar\u00eda Elena Blanco \/ 22<\/strong><br \/>\n<strong>\u00a7\u00a0Yolanda Blanco \/ 23<\/strong><br \/>\n<strong>\u00a7 Rafael Bordao \/ 24<\/strong><br \/>\n<strong>\u00a7\u00a0Franklin Caldera \/ 25<\/strong><br \/>\n<strong>\u00a7\u00a0Rolando Camp\u00edns \/ 26<\/strong><br \/>\n<strong>\u00a7\u00a0H\u00e9ctor Carreto\u00a0\/ 27<\/strong><br \/>\n<strong>\u00a7 Jos\u00e9\u00a0Nelson Castillo Gonz\u00e1lez\u00a0\/\u00a028<\/strong><br \/>\n<strong>\u00a7\u00a0Andr\u00e9 Cruchaga \/\u00a029<\/strong><br \/>\n<strong>\u00a7\u00a0Rodrigo de la Luz\u00a0\/ 30<\/strong><br \/>\n<strong>\u00a7\u00a0Germain Droogenbroodt\u00a0\/ 31<\/strong><br \/>\n<strong>\u00a7\u00a0Zoelia Fr\u00f3meta Machado \/ 32<\/strong><br \/>\n<strong>\u00a7\u00a0Ana Ilce G\u00f3mez \/ 33<\/strong><br \/>\n<strong>\u00a7\u00a0Marta Leonor Gonz\u00e1lez\u00a0\/ 34<\/strong><br \/>\n<strong>\u00a7\u00a0Ligia Guill\u00e9n\u00a0\/ 35<\/strong><br \/>\n<strong>\u00a7\u00a0Jorge Guitart \/ 36<\/strong><br \/>\n<strong>\u00a7\u00a0Pastora Hern\u00e1ndez\u00a0\/ 37<\/strong><br \/>\n<strong>\u00a7\u00a0Isolda Hurtado \/ 38<br \/>\n\u00a7\u00a0Jes\u00fas Jim\u00e9nez Reinaldo\u00a0\/ 39<br \/>\n\u00a7\u00a0Nelson Jim\u00e9nez Vivero\u00a0\/\u00a040<br \/>\n\u00a7\u00a0Danilo L\u00f3pez \/\u00a041<br \/>\n\u00a7\u00a0Elsa L\u00f3pez \/\u00a042<br \/>\n\u00a7\u00a0Antonio Mar\u00edn Albalate\u00a0\/\u00a043<br \/>\n\u00a7\u00a0Rita Martin \/\u00a044<br \/>\n\u00a7 Jos\u00e9\u00a0Antonio Mart\u00ednez Mu\u00f1oz\u00a0\/\u00a045<br \/>\n\u00a7\u00a0Pedro Javier Mart\u00ednez\u00a0\/\u00a046<br \/>\n\u00a7\u00a0Margalit Matitiahu\u00a0\/ 47<br \/>\n\u00a7\u00a0Beatr\u00edz E. Mendoza \/ 48<br \/>\n\u00a7\u00a0Santiago Montobbio\u00a0\/ 49<br \/>\n\u00a7 Jos\u00e9\u00a0Geraldo Neres\u00a0\/\u00a050<br \/>\n\u00a7\u00a0Jorge Gustavo Portella\u00a0\/\u00a051<br \/>\n\u00a7\u00a0Manuel Prado Ant\u00fanez\u00a0\/\u00a052<br \/>\n\u00a7\u00a0Rosario Salinas Marcos \/\u00a053<br \/>\n\u00a7\u00a0Patricio Armando S\u00e1nchez\u00a0\/ 54<br \/>\n\u00a7\u00a0Juan Solo \/ 55<br \/>\n\u00a7\u00a0Emilio Sur\u00ed Quesada\u00a0\/ 56<br \/>\n\u00a7\u00a0Elena Tamargo\u00a0\/ 57<br \/>\n\u00a7\u00a0Fanor T\u00e9llez \/ 58<br \/>\n\u00a7\u00a0H\u00e9ctor Hern\u00e1n Zapata Londo\u00f1o \/ 59<br \/>\n<\/strong><\/p>\n<p>&nbsp;<\/p>\n<h3>Rese\u00f1a<\/h3>\n<p><strong>\u00a7 NUNCA OLVIDAR\u00c9 TU NOMBRE: LA GUERRA PERDIDA DE LA VIDA<\/strong><br \/>\npor Jos\u00e9 Belmonte Serrano \/\u00a0<strong>61<\/strong><\/p>\n<p><strong>\u00a7 POR LOS CAMINOS DEL MONTE<\/strong><br \/>\npor Madeline C\u00e1mara \/\u00a0<strong>65<\/strong><\/p>\n<p><strong><i>\u00a7 VIVIENDO LOS SUE\u00d1OS DE SAMBRA<\/i><\/strong><br \/>\npor Rafael Carralero \/\u00a0<strong>67<\/strong><\/p>\n<p><strong>\u00a7 DILE ADI\u00d3S A LA VIRGEN<\/strong><br \/>\npor Luis De la Paz \/ <b>69<\/b><\/p>\n<p><strong>\u00a7 ODETTE-ODILLE<\/strong><br \/>\npor Alberto Lauro \/ <b>71<\/b><\/p>\n<p><strong>\u00a7<i> ENLAZANDO GALLOTES DE MERCEDES ARIAS\u00a0<\/i><\/strong><br \/>\npor Humberto L\u00f3pez Cruz \/ <b>74<\/b><\/p>\n<p><strong>\u00a7<i>\u00a0ALEJANDRO ARMENGOL: UNA PROPUESTA DIFERENTE EN LA NARRATIVA MIAMENSE\u00a0<\/i><\/strong><br \/>\npor Maricel Mayor Mars\u00e1n \/ <b>76<\/b><\/p>\n<p><strong>\u00a7<i> POEMAS DESDE EL HORIZONTE (LOS MUNDOS PO\u00c9TICOS DE MARIELA ABREU ORTET)\u00a0<\/i><\/strong><br \/>\npor Sandra P\u00e9rez Lozano \/\u00a0<strong>78<\/strong><\/p>\n<p><strong>\u00a7<i> EL ROMANCERO EN CUBA<\/i><\/strong><br \/>\npor Juana Rosa Pita \/ <b>82<\/b><\/p>\n<p><strong>\u00a7<i> LA NATURALEZA EN IN TEMPORE BELLI DE HILARIO BARRERO\u00a0<\/i><\/strong><br \/>\npor Oneida M. S\u00e1nchez \/\u00a0<strong>85<\/strong><\/p>\n<p><strong>\u00a7 CANTO A N\u00c9MESIS<\/strong><br \/>\npor Elvira Suriana Zaragoza \/ <b>92<\/b><\/p>\n<p>&nbsp;<\/p>\n<h3>Cuento<\/h3>\n<p><strong>\u00a7 COMO LA VIDA\u00a0<\/strong><br \/>\npor Harmonie Botella Ch\u00e1vez \/ <b>95<\/b><\/p>\n<p><strong>\u00a7 OJAL\u00c1 NO EXISTA<\/strong><br \/>\npor Luis de la Paz \/ <b>105<\/b><\/p>\n<p><strong>\u00a7 EL HOMBRE INTRASCENDENTE<\/strong><br \/>\npor Marcelo D. Ferrer \/\u00a0<strong>107<\/strong><\/p>\n<p><strong>\u00a7 VERA EFIGIES<\/strong><br \/>\npor \u00c1ngela Hern\u00e1ndez N\u00fa\u00f1ez \/\u00a0<strong>110<\/strong><\/p>\n<p><strong>\u00a7 R\u00c9QUIEM POR EL STRAND\u00a0<\/strong><br \/>\npor Roberto Hern\u00e1ndez Russi \/\u00a0<strong>112<\/strong><\/p>\n<p><strong>\u00a7 LADRONES<\/strong><br \/>\npor Rolando D. H. Morelli \/\u00a0<strong>117<\/strong><\/p>\n<p><strong>\u00a7 LA CASA ENCENDIDA\u00a0<\/strong><br \/>\npor Norberto Luis Romero \/\u00a0<strong>120<\/strong><\/p>\n<p><strong>\u00a7 ALARMA EN EL CAPITOLIO<\/strong><br \/>\npor Ismael Sambra \/\u00a0<strong>124<\/strong><\/p>\n<p><strong>\u00a7 SEGUNDA MANO<\/strong><br \/>\npor Marga Varea \/\u00a0<strong>129<\/strong><\/p>\n<p>&nbsp;<\/p>\n<h3>Ensayo<\/h3>\n<p><strong>\u00a7 LA POSTURA EXISTENCIAL DE ORTEGA Y GASSET Y JEAN PA\u00daL SARTRE\u00a0<\/strong><br \/>\npor Pedro Blas Gonz\u00e1lez \/\u00a0<strong>133<\/strong><\/p>\n<p><strong>\u00a7 ABRIENDO CAJITAS: MAGIA M\u00daLTIPLE EN LA OBRA DE ANA CARO<\/strong><br \/>\npor M\u00f3nica Leoni \/\u00a0<strong>142<\/strong><\/p>\n<p><strong>\u00a7 REINA MAR\u00cdA RODR\u00cdGUEZ Y OTRAS POETAS CUBANAS DE PROVINCIAS<\/strong><br \/>\npor Mar\u00eda del Mar L\u00f3pez Cabrales \/\u00a0<strong>153<\/strong><\/p>\n<p><strong>\u00a7 RET\u00d3RICA POSMODERNISTA EN GRACIAS POR EL FUEGO DE MARIO BENEDETTI<\/strong><br \/>\npor Rosa Tezanos-Pinto \/\u00a0<strong>160<\/strong><\/p>\n<p><strong>\u00a7 DISCURSO TRANSNACIONAL EN SIBERIANA Y LAS CUATRO FUGAS DE MANUEL DE JES\u00daS D\u00cdAZ<\/strong><br \/>\npor Emilia Yulzari \/\u00a0<strong>167<\/strong><\/p>\n<p>&nbsp;<\/p>\n<h3>Entrevista<\/h3>\n<p><strong>\u00a7 DI\u00c1LOGO CON OD\u00d3N BETANZOS PALACIOS, DIRECTOR DE LA ACADEMIA NORTEAMERICANA DE LA LENGUA ESPA\u00d1OLA<\/strong><br \/>\npor Maricel Mayor Mars\u00e1n \/\u00a0<strong>174<\/strong><\/p>\n<p><strong>\u00a7 MAT\u00cdAS MONTES HUIDOBRO: UNA VIDA DEDICADA AL TEATRO Y A LAS LETRAS<\/strong><br \/>\npor Maricel Mayor Mars\u00e1n \/\u00a0<strong>181<\/strong><\/p>\n<p><strong>\u00a7 ENTREVISTA CON EL PERIODISTA Y ESCRITOR MEXICANO JORGE RAMOS (UN ULISES DE LOS TIEMPOS MODERNOS)<\/strong><br \/>\npor Maricel Mayor Mars\u00e1n \/ <b>191<\/b><\/p>\n<p><strong>\u00a7 CONVERSANDO CON MAR\u00cdA KODAMA EN ESPA\u00d1A<\/strong><br \/>\npor Maricel Mayor Mars\u00e1n \/ <b>198<\/b><\/p>\n<p><strong>\u00a7 ENTREVISTA AL PINTOR COLOMBIANO GIOVANNI CASTRO (EL PRIMITIVISMO COMO DISCIPLINA ART\u00cdSTICA)<\/strong><br \/>\npor Patricio E. Palacios \/\u00a0<strong>204<br \/>\n<\/strong><\/p>\n<p><strong>\u00a7 ENTREVISTA AL FOT\u00d3GRAFO CHILENO LUIS POIROT (IM\u00c1GENES DE UNA CONSTANCIA F\u00cdSICA)<\/strong><br \/>\npor Patricio E. Palacios \/\u00a0<b>211<\/b><\/p>\n<p><strong>\u00a0<\/strong><\/p>\n<h3>Narrativa<\/h3>\n<p><strong>\u00a7 ANG\u00c9LICA Y EL SOLDADO McGUIRE<\/strong><br \/>\npor Myra Medina \/\u00a0<strong>217<\/strong><\/p>\n<p><strong>\u00a7 EL ESCUDRI\u00d1ADOR<\/strong><br \/>\npor Antonio Redondo And\u00fajar \/\u00a0<strong>223<\/strong><\/p>\n<p><strong>\u00a7 REFLEXIONES<\/strong><br \/>\npor Marcos Rodr\u00edguez Leija \/\u00a0<strong>229<\/strong><\/p>\n<p><strong>\u00a7 EL TALENTO DE LAS MOSCAS<\/strong><br \/>\npor Oscar Sip\u00e1n Sanz \/\u00a0<strong>232<\/strong><\/p>\n<p>&nbsp;<\/p>\n<h3>Opiniones<\/h3>\n<p><strong>\u00a7 LA LUZ QUE NO CESA<\/strong><br \/>\npor Francisco Javier Catal\u00e1n Eugenio \/\u00a0<strong>237<\/strong><\/p>\n<p><strong>\u00a7 LA LITERATURA COMO FUENTE DE GOZO Y CONOCIMIENTO<\/strong><br \/>\npor Marta de Ar\u00e9valo \/\u00a0<strong>243<\/strong><\/p>\n<p><strong>\u00a7 HOMENAJE A RAFAEL ALBERTI<\/strong><br \/>\npor Isabel D\u00edez Serrano \/\u00a0<strong>248<\/strong><\/p>\n<p><strong>\u00a7 PANORAMA DEL CUENTO EN LAS ANTILLAS\u00a0<\/strong><br \/>\npor Leonardo Fern\u00e1ndez Marcan\u00e9 \/\u00a0<strong>254<\/strong><\/p>\n<p><strong>\u00a7 POES\u00cdA, CELEBRACI\u00d3N Y J\u00daBILO EN CARAVACA DE LA CRUZ<\/strong><br \/>\npor Maricel Mayor Mars\u00e1n \/\u00a0<strong>263<\/strong><\/p>\n<p><strong>\u00a7 TEOR\u00cdA DE LAS DIMENSIONES EN LA COMUNICACI\u00d3N<\/strong><br \/>\npor Milton Merino Guerrero y Luis Or\u00f3stica Montenegro \/\u00a0<strong>267<\/strong><\/p>\n<p>&nbsp;<\/p>\n<h3>Teatro<\/h3>\n<p><strong>\u00a7 SENCILLO ACTO DE ENTREGA<\/strong><br \/>\npor Marcelo Mallea Hern\u00e1ndez \/\u00a0<strong>273<\/strong><\/p>\n<p><strong>\u00a7 EL HOMBRE DEL AGUA\u00a0(Pieza en un acto)<\/strong><br \/>\npor Mat\u00edas Montes Huidobro \/\u00a0<strong>279<\/strong><\/p>\n<p><strong>\u00a7 SARGENTO MEYER (Obra de Teatro Breve)<\/strong><br \/>\npor Carlos P\u00e9rez Vaquero \/\u00a0<strong>294<\/strong><\/p>\n<p>&nbsp;<\/p>\n<p>&nbsp;<\/p>\n<hr \/>\n<p>&nbsp;<\/p>\n<p>&nbsp;<\/p>\n<p style=\"text-align: justify;\">El poeta trabaja en solitario, con la palabra y el silencio como \u00fanicas herramientas, y sabe que su tarea es discreta, pero la acepta as\u00ed porque en el fondo le reporta un placer que algunos grandes autores han asociado con una borrachera privilegiada, el don de la ebriedad de Claudio Rodr\u00edguez, y que otros como Pessoa han preferido definir como una manera (su manera) de estar solos. Sin embargo no hay poeta que no desee, por mucho que se enga\u00f1e, compartir el fruto de estos intervalos solitarios. Cuando tiene la suerte de leer sus poemas delante de una concurrencia que le escucha, siente que est\u00e1 conectando su soledad con el mundo. Pero en las contadas ocasiones en que ese auditorio est\u00e1 formado por otros poetas como \u00e9l, que tienen la misma manera de estar solos, o parecida, y que conocen la misma ebriedad adictiva de escribir, el efecto estimulante se redobla. Suele tratarse de un p\u00fablico exigente y a la vez comprensivo, pues conocen en su propia carne el paciente trabajo de buscar emociones y la enorme dificultad de encerrarlas en palabras. Esto crea en los corrillos anteriores y posteriores al recital vehementes intercambios de experiencias sobre el proceso y un final fraterno y efusivo que a m\u00ed me recuerda esa euforia compartida con que acababan los ejercicios espirituales de nuestra adolescencia. Claro que un congreso de poetas es a unos ejercicios espirituales lo que Ardent\u00edsima es a un Concilio en Roma. En Ardent\u00edsima, Jos\u00e9 Mar\u00eda \u00c1lvarez ejerce de patriarca de una curia a la que una semana al a\u00f1o, a lo largo de una d\u00e9cada, han ido concurriendo autores de todos los rincones del planeta. Cualquier poema de \u00c1lvarez es una comuni\u00f3n con el mito, cualquier libro es una galer\u00eda de sentimientos mitol\u00f3gicos, y tan excelente gu\u00eda es este poeta exquisito que \u00e9l mismo ha terminado convirti\u00e9ndose en un mito m\u00e1s, y desde esa condici\u00f3n oficia, con gesto contenido e indumentaria impecable, y barba blanca y cabello ligeramente rebelado, como una concesi\u00f3n a su pasado nov\u00edsimo. Mesas redondas, lecturas compartidas, presentaciones de libros y revistas se suceden hasta que uno se pierde en el jet-lag de los versos, y sale del sal\u00f3n de actos o del apretado bar de copas sin saber a d\u00f3nde sale, porque no est\u00e1 en un sitio, sino en todos los sitios del poema. La luz de Murcia, perfumada y risue\u00f1a, envuelve los contornos de las fachadas y los contornos de los \u00e1rboles y los contornos de la mujeres con una energ\u00eda sensual y contagiosa. \u00bfEra as\u00ed ya la luz de Murcia antes de Ardent\u00edsima? All\u00ed est\u00e1n, all\u00ed siguen, entre otros, Hawad el tuareg que describe el ruido brutal de los desiertos, Maram al-Masri la seductora siria que desafi\u00f3 a su pa\u00eds con un libro er\u00f3tico, Maricel Mayor y Patricio E. Palacios dispuestos a unir a los hispanohablantes estadounidenses con su revista Baquiana, el coreano Ko-Un que colecciona reportajes sobre Colinas y Jos\u00e9 Mar\u00eda \u00c1lvarez, y tantos, tantos otros, que no cabr\u00edan en dos art\u00edculos como \u00e9ste. Y por supuesto los de aqu\u00ed, desde la siempre afable Dionisia Garc\u00eda al cosmopolita Soren Pe\u00f1alver, pasando por el propio \u00c1lvarez y Brines y Marzal y Gallego\u2026 Uno estaba ayer mismo leyendo y escuchando y presentando su revista ante esta confusi\u00f3n de razas y lenguas dispares y c\u00f3mplices, y hoy se ve de pronto de vuelta en las rutinas del trabajo y la casa, y no sabe qu\u00e9 hace aqu\u00ed si su sitio est\u00e1 all\u00ed. Pero todo cobra lentamente sentido. Sembramos sin saberlo en las viejas costumbres las luces nuevas que traemos de otros sitios, aunque sigan siendo la palabra y el silencio, las de siempre, nuestras herramientas. Aunque el a\u00f1o que viene, si nos dejan, nos conjuramos a volver a cargar pilas.<\/p>\n<p style=\"text-align: right;\"><strong><em>LA CALLE DE EN MEDIO<br \/>\n<\/em><\/strong><strong><em>ARDENT\u00cdSIMA<\/em><\/strong><br \/>\n<strong>por Arturo Tendero<\/strong><br \/>\n<strong>Albacete, Espa\u00f1a<\/strong><br \/>\n<strong>25 de abril del 2004<\/strong><\/p>\n","protected":false},"excerpt":{"rendered":"<p>\u00cdndice Poes\u00eda \u00a7 Jos\u00e9 Abreu Felippe \/ 19 \u00a7 Leonora Acu\u00f1a de Marmolejo\u00a0\/ 20 \u00a7\u00a0Santiago Azar\u00a0\/\u00a021 \u00a7 Mar\u00eda Elena Blanco \/ 22 \u00a7\u00a0Yolanda Blanco \/ 23 \u00a7 Rafael Bordao \/ 24 \u00a7\u00a0Franklin Caldera \/ 25 \u00a7\u00a0Rolando Camp\u00edns \/ 26 \u00a7\u00a0H\u00e9ctor Carreto\u00a0\/ 27 \u00a7 Jos\u00e9\u00a0Nelson Castillo Gonz\u00e1lez\u00a0\/\u00a028 \u00a7\u00a0Andr\u00e9 Cruchaga \/\u00a029 \u00a7\u00a0Rodrigo de la Luz\u00a0\/ 30 \u00a7\u00a0Germain [&hellip;]<\/p>\n","protected":false},"featured_media":445,"comment_status":"closed","ping_status":"closed","template":"","meta":[],"product_cat":[10],"product_tag":[],"class_list":{"0":"post-109","1":"product","2":"type-product","3":"status-publish","4":"has-post-thumbnail","6":"book_author-anuarios-baquiana","7":"product_cat-anuarios-de-la-revista-literaria-baquiana-vp","8":"entry"},"_links":{"self":[{"href":"https:\/\/www.baquiana.com\/bookstore\/wp-json\/wp\/v2\/product\/109"}],"collection":[{"href":"https:\/\/www.baquiana.com\/bookstore\/wp-json\/wp\/v2\/product"}],"about":[{"href":"https:\/\/www.baquiana.com\/bookstore\/wp-json\/wp\/v2\/types\/product"}],"replies":[{"embeddable":true,"href":"https:\/\/www.baquiana.com\/bookstore\/wp-json\/wp\/v2\/comments?post=109"}],"wp:featuredmedia":[{"embeddable":true,"href":"https:\/\/www.baquiana.com\/bookstore\/wp-json\/wp\/v2\/media\/445"}],"wp:attachment":[{"href":"https:\/\/www.baquiana.com\/bookstore\/wp-json\/wp\/v2\/media?parent=109"}],"wp:term":[{"taxonomy":"product_cat","embeddable":true,"href":"https:\/\/www.baquiana.com\/bookstore\/wp-json\/wp\/v2\/product_cat?post=109"},{"taxonomy":"product_tag","embeddable":true,"href":"https:\/\/www.baquiana.com\/bookstore\/wp-json\/wp\/v2\/product_tag?post=109"}],"curies":[{"name":"wp","href":"https:\/\/api.w.org\/{rel}","templated":true}]}}