{"id":114,"date":"2016-02-01T05:34:22","date_gmt":"2016-02-01T10:34:22","guid":{"rendered":"http:\/\/baquiana.com\/bookstore\/?post_type=product&#038;p=110"},"modified":"2021-10-11T21:52:10","modified_gmt":"2021-10-12T01:52:10","slug":"revista-literaria-baquiana-anuario-x-2008-2009","status":"publish","type":"product","link":"https:\/\/www.baquiana.com\/bookstore\/product\/revista-literaria-baquiana-anuario-x-2008-2009\/","title":{"rendered":"REVISTA LITERARIA BAQUIANA &#8211; ANUARIO X (2008-2009)"},"content":{"rendered":"<h1>\u00cdndice<\/h1>\n<h3>Poes\u00eda<\/h3>\n<p><strong>\u00a7 Mar\u00eda Paula Alzugaray \/ 21<\/strong><br \/>\n<strong> \u00a7 Belkys Arredondo Olivo \/ 22<\/strong><br \/>\n<strong> \u00a7 Jos\u00e9 Caraballo \/ 23<\/strong><br \/>\n<strong> \u00a7 Frank Castell \/ 24<\/strong><br \/>\n<strong> \u00a7 Uva De Arag\u00f3n \/ 25<\/strong><br \/>\n<strong> \u00a7 Frank Est\u00e9vez Guerra \/ 26<\/strong><br \/>\n<strong> \u00a7 Yolanda Gelices Nieto \/ 27<\/strong><br \/>\n<strong> \u00a7 Rudy Alfonzo G\u00f3mez Rivas \/ 28<\/strong><br \/>\n<strong> \u00a7 Coriolano Gonz\u00e1lez Monta\u00f1ez \/ 29<\/strong><br \/>\n<strong> \u00a7 Jorge Enrique Gonz\u00e1lez Pacheco \/ 30<\/strong><br \/>\n<strong> \u00a7 Gracia Iglesias Lodares \/ 31<\/strong><br \/>\n<strong> \u00a7 M\u00f3nica L\u00f3pez Bord\u00f3n \/ 32<\/strong><br \/>\n<strong> \u00a7 Arlette Lu\u00e9vano D\u00edaz \/ 33<\/strong><br \/>\n<strong> \u00a7 Asley L. M\u00e1rmol \/ 34<\/strong><br \/>\n<strong> \u00a7 Arturo Morell \/ 35<\/strong><br \/>\n<strong> \u00a7 \u00c1ngel Rafael Nungaray \/ 36<\/strong><br \/>\n<strong> \u00a7 Alfredo Ocampo Zamorano \/ 37<\/strong><br \/>\n<strong> \u00a7 Fernando Olszanski \/ 38<\/strong><br \/>\n<strong> \u00a7 Ricardo Le\u00f3n Pe\u00f1a Villa \/ 39<\/strong><br \/>\n<strong> \u00a7 Eleonora Requena \/ 40<\/strong><br \/>\n<strong> \u00a7 Frank Ruffino \/ 41<\/strong><br \/>\n<strong> \u00a7 Ario E. Salazar \/ 42<\/strong><br \/>\n<strong> \u00a7 Pedro Sevylla De Juana \/ 43<\/strong><br \/>\n<strong> \u00a7 Eli Tolaretxipi \/ 44<\/strong><br \/>\n<strong> \u00a7 Daisy Valls \/ 45<\/strong><br \/>\n<strong> \u00a7 Juan Carlos V\u00e1squez \/ 46<\/strong><br \/>\n<strong> \u00a7 Mar\u00eda Juliana Villafa\u00f1e \/ 47<\/strong><br \/>\n<strong> \u00a7 Alberto Villanueva \/ 48<\/strong><\/p>\n<p>&nbsp;<\/p>\n<h3>Rese\u00f1a<\/h3>\n<p><strong>\u00a7 DESTRUCCI\u00d3N DE LAS BARRERAS Y RECONSTRUCCI\u00d3N DE LA ESPIRITUALIDAD EN <em>HISTORIAS DE HADAS PARA ADULTOS<\/em>, DE DA\u00cdNA CHAVIANO<\/strong><br \/>\npor Oscar Baz\u00e1n Rodr\u00edguez \/ <strong>51<\/strong><\/p>\n<p><strong>\u00a7 UNA FIESTA NOMBRABLE <em>CUBA PER SE<\/em>, DE ARMANDO CH\u00c1VEZ RIVERA<\/strong><br \/>\npor Teresa Dovalpage \/ <strong>61<\/strong><\/p>\n<p><strong>\u00a7 EL JINETE QUE LATE TRAS EL POLVO <em>OJO DEL CORAZ\u00d3N<\/em>, DE GABRIELA BALDERAS<\/strong><br \/>\npor Roxana Elvridge Thomas \/ <strong>63<\/strong><\/p>\n<p><strong>\u00a7 <em>DE PUERTAS PARA ADENTRO<\/em>, DE CATALINA ARENAS<\/strong><br \/>\npor Gonzalo Gonz\u00e1lez de Lara S\u00e1enz \/ <strong>66<\/strong><\/p>\n<p><strong>\u00a7 <em>DESDE LAS DOS ORILLAS<\/em>, DE MARCOS MIRANDA<\/strong><br \/>\npor Josefina Leyva \/ <strong>69<\/strong><\/p>\n<p><strong>\u00a7 <em>CHIQUITA<\/em>, DE ANTONIO ORLANDO RODR\u00cdGUEZ: UN HITO DELICIOSO DENTRO DE\u00a0LA NOVEL\u00cdSTICA CUBANA<\/strong><br \/>\npor Chely Lima \/ <strong>76<\/strong><\/p>\n<p><strong>\u00a7 CR\u00d3NICA DE UN TIEMPO DE DECEPCIONES <em>TIMOS DE LA EDAD DESNUDA<\/em>, DE BALBINA PRIOR<\/strong><br \/>\npor Sabas Mart\u00edn \/ <strong>80<\/strong><\/p>\n<p><strong>\u00a7 EXTRAVIARSE DE UNO MISMO<\/strong><br \/>\npor Elena M\u00e9ndez \/ <strong>83<\/strong><\/p>\n<p><strong>\u00a7 LOS CAPRICHOS DEL ARTE <em>TEMPORADA DE CAZA PARA EL LE\u00d3N NEGRO<\/em>, DE TRYNO MALDONADO<\/strong><br \/>\npor Elena M\u00e9ndez \/ <strong>85<\/strong><\/p>\n<p><strong>\u00a7 EN BUSCA DEL CELULOIDE PERDIDO EN <em>EL VIENTRE DE LA BALLENA<\/em>, DE SANTIAGO RODR\u00cdGUEZ<\/strong><br \/>\npor Jorge Posada \/ <strong>87<\/strong><\/p>\n<p><strong>\u00a7 UVA DE ARAG\u00d3N ESCRIBE LA MUERTE EN CUBANO<\/strong><br \/>\npor Kevin Sede\u00f1o Guill\u00e9n \/ <strong>90<\/strong><\/p>\n<p><strong>\u00a7 EL SINSENTIDO DE LA GUERRA DESDE LA VISI\u00d3N DEL EXILIO EN <em>SIN FECHA DE EXTINCI\u00d3N<\/em>, DE JES\u00daS J. BARQUET<\/strong><br \/>\npor C\u00e9sar Antonio Sotelo \/ <strong>92<\/strong><\/p>\n<p><strong>\u00a7 <em>TROPOLOG\u00cdA<\/em>, DE EDUARDO NEGUERUELA AZAROLA<\/strong><br \/>\npor Francisco Javier Usero V\u00edlchez \/ <strong>100<\/strong><\/p>\n<p>&nbsp;<\/p>\n<h3>Cuento<\/h3>\n<p><strong>\u00a7 UNO, DOS, TRES\u2026<\/strong><br \/>\npor Mar\u00eda de los \u00c1ngeles Camacho Rivas \/ <strong>107<\/strong><\/p>\n<p><strong>\u00a7 UN OBITUARIO PARA JUAN VICENTE<\/strong><br \/>\npor Manuel C. D\u00edaz \/ <strong>109<\/strong><\/p>\n<p><strong>\u00a7 MOHELI<\/strong><br \/>\npor Marcelo D. Ferrer \/ <strong>113<\/strong><\/p>\n<p><strong>\u00a7 UNA FORMA DE MORIR<\/strong><br \/>\npor Rina Lastres \/ <strong>122<\/strong><\/p>\n<p><strong>\u00a7 LA MOLA<\/strong><br \/>\npor Maritza L\u00f3pez Lasso \/ <strong>124<\/strong><\/p>\n<p><strong>\u00a7 LA CIUDAD DEL TAC\u2026 TAC\u2026 TAC\u2026<\/strong><br \/>\npor Ana Mar\u00eda Manceda \/ <strong>128<br \/>\n<\/strong><br \/>\n<strong>\u00a7 DE ALQUILER UNA OREJA<\/strong><br \/>\npor Reinaldo Edmundo Marchant \/ <strong>131<\/strong><\/p>\n<p><strong>LA EXILIADA<\/strong><br \/>\npor Rolando D. H. Morelli \/ <strong>136<\/strong><\/p>\n<p>&nbsp;<\/p>\n<h3>Ensayo<\/h3>\n<p><strong>\u00a7 LO INS\u00d3LITO DE LA TRANSFORMACI\u00d3N DE LA MONJA ALF\u00c9REZ: DECHADO CULTURAL DE LA MUJER A PRINCIPIOS DEL SIGLO XVII EN ESPA\u00d1A<\/strong><br \/>\npor Niza Fabre \/ <strong>145<\/strong><\/p>\n<p><strong>\u00a7 PERSONAJES A LA DERIVA EN DOS CUENTOS DE ROBERTO BOLA\u00d1O<\/strong><br \/>\npor Francisco Javier Garc\u00eda Hern\u00e1ndez \/ <strong>152<\/strong><\/p>\n<p><strong>\u00a7 UNA MIRADA A LA NARRATIVA INFANTIL DE CONCHA ALZOLA<\/strong><br \/>\npor Aleida Garrido Mart\u00ednez \/ <strong>159<\/strong><\/p>\n<p><strong>\u00a7 ALGUNAS VOCES REPRESENTATIVAS DE LA L\u00cdRICA FEMENINA DE LA DI\u00c1SPORA CUBANA EN SUS DOS PRIMERAS D\u00c9CADAS (1959-1979)<\/strong><br \/>\npor Yara Gonz\u00e1lez Montes \/ <strong>167<\/strong><\/p>\n<p><strong>\u00a7 BORKA SATTLER: REFLEJOS DE LA VIDA Y EL AMOR AL MIRAR POR LA VENTANA DE <em>LA CAMA VERDE<\/em><\/strong><br \/>\npor Mariela A. Guti\u00e9rrez \/ <strong>191<\/strong><\/p>\n<p><strong>\u00a7 ESENCIA DE PATRIA EN LA POES\u00cdA DE GLADYS ZALDIVAR<\/strong><br \/>\npor Ellen Lismore Leeder \/ <strong>200<\/strong><\/p>\n<p><strong>\u00a7 EVOLUCI\u00d3N DE LA LITERATURA AFRICANA DE EXPRESI\u00d3N FRANC\u00d3FONA: DE LA ORALIDAD A LA ESCRITURA<\/strong><br \/>\npor Brahiman Saganogo \/ <strong>206<\/strong><\/p>\n<p>&nbsp;<\/p>\n<h3>Entrevista<\/h3>\n<p><strong>\u00a7 ENTREVISTA CON EL ESCRITOR CUBANO CARLOS ALBERTO MONTANER<\/strong><br \/>\npor Maricel Mayor Mars\u00e1n \/ <strong>221<\/strong><\/p>\n<p><strong>\u00a7 ENTREVISTA CON EL POETA COLOMBIANO ALFREDO OCAMPO ZAMORANO<\/strong><br \/>\npor Maricel Mayor Mars\u00e1n \/ <strong>227<\/strong><\/p>\n<p><strong>\u00a7 ENTREVISTA CON EL ESCRITOR ARGENTINO SA\u00daL SOSNOWSKI<\/strong><br \/>\npor Maricel Mayor Mars\u00e1n \/ <strong>234<\/strong><\/p>\n<p><strong>\u00a7 ENTREVISTA CON LA TRADUCTORA MEXICANA LILIANA VALENZUELA<\/strong><br \/>\npor Patricio E. Palacios \/ <strong>241<\/strong><\/p>\n<p><strong>\u00a7 ENTREVISTA CON EL DRAMATURGO CUBANO MARCOS MIRANDA<\/strong><br \/>\npor Orlando Rossardi \/ <strong>248<\/strong><\/p>\n<p>&nbsp;<\/p>\n<h3>Narrativa<\/h3>\n<p><strong>\u00a7 UN BANQUETE DE AMIGOS<\/strong><br \/>\npor Jorge Luis C\u00e1ceres \/ <strong>259<\/strong><\/p>\n<p><strong>\u00a7 CARNAVAL<\/strong><br \/>\npor Rafael Hierro Rivero \/ <strong>268<\/strong><\/p>\n<p><strong>\u00a7 EN LA CIUDAD DE LAS PIEDRAS |\u00a0<\/strong><strong>PRELUDIO A LA PARADOJA |<\/strong><strong>\u00a0UN SUE\u00d1O AJENO<\/strong><br \/>\npor Abraham David Caracho \u00c1valos \/ <strong>272<\/strong><\/p>\n<p>&nbsp;<\/p>\n<h3>Opiniones<\/h3>\n<p><strong>\u00a7 CUANDO SE CAMBIA LA CULTURA DEL VERSO POR LA CULTURA DE LA PEDRADA<\/strong><br \/>\npor V\u00edctor C\u00f3rcoba Herrero \/ <strong>279<\/strong><\/p>\n<p><strong>\u00a7 EL S\u00cdMBOLO DE LA MUJER EN <em>EL LABERINTO DE LA SOLEDAD<\/em> DESDE UNA PERSPECTIVA FEMENINA<\/strong><br \/>\npor Myra Medina \/ <strong>282<\/strong><\/p>\n<p><strong>\u00a7 EL ORIGEN DE LOS CUENTOS<\/strong><br \/>\npor V\u00edctor Montoya \/ <strong>285<\/strong><\/p>\n<p><strong>\u00a7 EMILIA BERNAL AG\u00dcERO: PERFIL Y SOMBRA (ESBOZOS PARA UNA BIOGRAF\u00cdA)<\/strong><br \/>\npor Rolando D. H. Morelli \/ <strong>292<\/strong><\/p>\n<p>&nbsp;<\/p>\n<h3>Teatro<\/h3>\n<p><strong>\u00a7 CEVICHE EN PITTSBURGH<\/strong><br \/>\npor Jos\u00e9 Castro Urioste \/ <strong>299<\/strong><\/p>\n<p><strong>\u00a7 PERDIDA EN EL LABERINTO DE LA DEPRESI\u00d3N<\/strong><br \/>\npor Julie De Grandy \/ <strong>326<\/strong><\/p>\n<p><strong>\u00a7 FLORES NO ME PONGAN<\/strong><br \/>\npor Rita Martin \/ <strong>336<\/strong><\/p>\n<p><strong>\u00a7 EL DISCURSO ESC\u00c9NICO DE LA DRAMATURGIA CUBANA CONTINENTAL<\/strong><br \/>\npor Mat\u00edas Montes Huidobro \/ <strong>346<\/strong><\/p>\n","protected":false},"excerpt":{"rendered":"<p>\u00cdndice Poes\u00eda \u00a7 Mar\u00eda Paula Alzugaray \/ 21 \u00a7 Belkys Arredondo Olivo \/ 22 \u00a7 Jos\u00e9 Caraballo \/ 23 \u00a7 Frank Castell \/ 24 \u00a7 Uva De Arag\u00f3n \/ 25 \u00a7 Frank Est\u00e9vez Guerra \/ 26 \u00a7 Yolanda Gelices Nieto \/ 27 \u00a7 Rudy Alfonzo G\u00f3mez Rivas \/ 28 \u00a7 Coriolano Gonz\u00e1lez Monta\u00f1ez \/ 29 [&hellip;]<\/p>\n","protected":false},"featured_media":451,"comment_status":"closed","ping_status":"closed","template":"","meta":[],"product_cat":[10],"product_tag":[],"class_list":{"0":"post-114","1":"product","2":"type-product","3":"status-publish","4":"has-post-thumbnail","6":"book_author-anuarios-baquiana","7":"product_cat-anuarios-de-la-revista-literaria-baquiana-vp","8":"entry"},"_links":{"self":[{"href":"https:\/\/www.baquiana.com\/bookstore\/wp-json\/wp\/v2\/product\/114"}],"collection":[{"href":"https:\/\/www.baquiana.com\/bookstore\/wp-json\/wp\/v2\/product"}],"about":[{"href":"https:\/\/www.baquiana.com\/bookstore\/wp-json\/wp\/v2\/types\/product"}],"replies":[{"embeddable":true,"href":"https:\/\/www.baquiana.com\/bookstore\/wp-json\/wp\/v2\/comments?post=114"}],"wp:featuredmedia":[{"embeddable":true,"href":"https:\/\/www.baquiana.com\/bookstore\/wp-json\/wp\/v2\/media\/451"}],"wp:attachment":[{"href":"https:\/\/www.baquiana.com\/bookstore\/wp-json\/wp\/v2\/media?parent=114"}],"wp:term":[{"taxonomy":"product_cat","embeddable":true,"href":"https:\/\/www.baquiana.com\/bookstore\/wp-json\/wp\/v2\/product_cat?post=114"},{"taxonomy":"product_tag","embeddable":true,"href":"https:\/\/www.baquiana.com\/bookstore\/wp-json\/wp\/v2\/product_tag?post=114"}],"curies":[{"name":"wp","href":"https:\/\/api.w.org\/{rel}","templated":true}]}}