{"id":143,"date":"2016-04-22T04:04:57","date_gmt":"2016-04-22T04:04:57","guid":{"rendered":"http:\/\/www.baquiana.com\/bookstore\/?post_type=product&#038;p=143"},"modified":"2021-10-10T17:58:24","modified_gmt":"2021-10-10T21:58:24","slug":"vengo-pastoreando-lunas","status":"publish","type":"product","link":"https:\/\/www.baquiana.com\/bookstore\/product\/vengo-pastoreando-lunas\/","title":{"rendered":"VENGO PASTOREANDO LUNAS"},"content":{"rendered":"<p style=\"text-align: justify;\"><em>Vengo Pastoreando Lunas<\/em> del poeta oriolano Manuel Roberto Leon\u00eds Ruiz es un manual de vivencias, en donde su autor ha dado rienda suelta a su interior, desdobl\u00e1ndose en tres etapas. Digo tres etapas porque el libro est\u00e1 dividido en tres partes esenciales: <em>Impronta de mis huellas<\/em> (primera parte),<em> \u2026de amor y vida y otros on\u00edricos<\/em> (segunda parte) y <em>Naturalezas y Sentimientos<\/em> (tercera parte). En la primera parte del libro, Leon\u00eds Ruiz nos abre su alma sin reparos para compartir con el lector las angustias y los problemas vitales que atrapan su mente y la historia de su existir. En la segunda parte del libro, los poemas se tornan amorosos y conforman un canto a la vida misma y a los sue\u00f1os que pueblan sus d\u00edas y noches porque Leon\u00eds Ruiz tambi\u00e9n sabe so\u00f1ar a todas horas. En la tercera parte del libro, el verdadero perfil humano y la personalidad del autor salen a flote, convid\u00e1ndonos a recrear nuestra mente en ese mundo que la madre naturaleza nos ha dado como regalo y que tanto olvidamos y descuidamos en la actualidad.<\/p>\n<p>&nbsp;<\/p>\n<p style=\"text-align: right;\"><strong><em>Vengo Pastoreando Lunas<\/em>, de Manuel Roberto Leon\u00eds<\/strong><br \/>\n<strong>PR\u00d3LOGO DEL LIBRO (Segmento)<\/strong><br \/>\n<strong>por Maricel Mayor Mars\u00e1n, Directora<\/strong><br \/>\n<strong>Revista Literaria Baquiana<\/strong><br \/>\n<strong>(2004)<\/strong><\/p>\n","protected":false},"excerpt":{"rendered":"<p>Vengo Pastoreando Lunas del poeta oriolano Manuel Roberto Leon\u00eds Ruiz es un manual de vivencias, en donde su autor ha dado rienda suelta a su interior, desdobl\u00e1ndose en tres etapas. Digo tres etapas porque el libro est\u00e1 dividido en tres partes esenciales: Impronta de mis huellas (primera parte), \u2026de amor y vida y otros on\u00edricos [&hellip;]<\/p>\n","protected":false},"featured_media":475,"comment_status":"open","ping_status":"closed","template":"","meta":[],"product_cat":[11],"product_tag":[],"class_list":{"0":"post-143","1":"product","2":"type-product","3":"status-publish","4":"has-post-thumbnail","6":"book_author-manuel-roberto-leonis-ruiz","7":"product_cat-caminos-de-la-poesia","8":"entry"},"_links":{"self":[{"href":"https:\/\/www.baquiana.com\/bookstore\/wp-json\/wp\/v2\/product\/143"}],"collection":[{"href":"https:\/\/www.baquiana.com\/bookstore\/wp-json\/wp\/v2\/product"}],"about":[{"href":"https:\/\/www.baquiana.com\/bookstore\/wp-json\/wp\/v2\/types\/product"}],"replies":[{"embeddable":true,"href":"https:\/\/www.baquiana.com\/bookstore\/wp-json\/wp\/v2\/comments?post=143"}],"wp:featuredmedia":[{"embeddable":true,"href":"https:\/\/www.baquiana.com\/bookstore\/wp-json\/wp\/v2\/media\/475"}],"wp:attachment":[{"href":"https:\/\/www.baquiana.com\/bookstore\/wp-json\/wp\/v2\/media?parent=143"}],"wp:term":[{"taxonomy":"product_cat","embeddable":true,"href":"https:\/\/www.baquiana.com\/bookstore\/wp-json\/wp\/v2\/product_cat?post=143"},{"taxonomy":"product_tag","embeddable":true,"href":"https:\/\/www.baquiana.com\/bookstore\/wp-json\/wp\/v2\/product_tag?post=143"}],"curies":[{"name":"wp","href":"https:\/\/api.w.org\/{rel}","templated":true}]}}