{"id":149,"date":"2016-04-25T03:26:37","date_gmt":"2016-04-25T03:26:37","guid":{"rendered":"http:\/\/www.baquiana.com\/bookstore\/?post_type=product&#038;p=149"},"modified":"2021-10-10T17:55:31","modified_gmt":"2021-10-10T21:55:31","slug":"a-corto-plazo-antologia-poetica-de-jorge-gustavo-portella","status":"publish","type":"product","link":"https:\/\/www.baquiana.com\/bookstore\/product\/a-corto-plazo-antologia-poetica-de-jorge-gustavo-portella\/","title":{"rendered":"A CORTO PLAZO &#8211; ANTOLOG\u00cdA PO\u00c9TICA DE JORGE GUSTAVO PORTELLA"},"content":{"rendered":"<p style=\"text-align: justify;\">En su antolog\u00eda po\u00e9tica, <em>A Corto Plazo<\/em>, Jorge Gustavo Portella nos brinda una serie de poemas que presentan diversas estructuras po\u00e9ticas o elementos b\u00e1sicos que normalmente caracterizan diferentes g\u00e9neros dentro de la poes\u00eda. A veces, la estructura es de poes\u00eda en prosa. En otras, emplea el verso libre con una variedad de patrones sint\u00e1cticos, cuyo estilo expresa la flexibilidad empleada por algunos escritores de poes\u00eda contempor\u00e1nea.<\/p>\n<p style=\"text-align: justify;\">El estilo de Portella en algunas secciones del poemario tiene ciertas semejanzas a las del famoso escritor norteamericano, E.E. Cummins (Nelson 2000), cuyo estilo avant-garde, carec\u00eda de un significado concreto o de reglas gramaticales. Es posible que Cummins haya influenciado a Portella. Se hace esta observaci\u00f3n porque tanto en las obras de Cummins como en \u00e9sta de Portella se encuentran oraciones que carecen de los signos de puntuaci\u00f3n correspondientes y el uso de may\u00fasculas. Tambi\u00e9n resaltan los espacios innecesarios entre una palabra y otra, y el uso il\u00f3gico de los par\u00e9ntesis\u2026<\/p>\n<p style=\"text-align: justify;\">En los diferentes poemas de este libro, al realizar un an\u00e1lisis de contenido, se encuentra que hay repetidas alusiones a la ni\u00f1ez, la mujer, el amor, los animales y la naturaleza. Aludiendo al tema b\u00edblico de Eva, compara a la mujer a una serpiente en un poema sin t\u00edtulo de la secci\u00f3n Compendio de historia natural.<\/p>\n<p style=\"text-align: justify;\">A trav\u00e9s de un lenguaje rico, el uso de met\u00e1foras y otros elementos literarios realiza una obra de arte que evoca una serie de s\u00edmbolos, creando im\u00e1genes de tono surrealista. que lo distingue de otros escritores.<\/p>\n<p style=\"text-align: right;\"><strong><em>A Corto Plazo (Antolog\u00eda po\u00e9tica 2000 &#8211; 2007)<\/em>, de Jorge Gustavo Portella<\/strong><br \/>\n<strong>por Myra Medina<\/strong><br \/>\n<strong>REVISTA LITERARIA BAQUIANA<\/strong><br \/>\n<strong>N\u00famero digital 49-50<\/strong><br \/>\n<strong>Enero de 2008<\/strong><br \/>\n<strong>IX Anuario impreso<\/strong><br \/>\n<strong>Octubre de 2008<\/strong><\/p>\n","protected":false},"excerpt":{"rendered":"<p>En su antolog\u00eda po\u00e9tica, A Corto Plazo, Jorge Gustavo Portella nos brinda una serie de poemas que presentan diversas estructuras po\u00e9ticas o elementos b\u00e1sicos que normalmente caracterizan diferentes g\u00e9neros dentro de la poes\u00eda. A veces, la estructura es de poes\u00eda en prosa. En otras, emplea el verso libre con una variedad de patrones sint\u00e1cticos, cuyo [&hellip;]<\/p>\n","protected":false},"featured_media":571,"comment_status":"open","ping_status":"closed","template":"","meta":[],"product_cat":[11],"product_tag":[],"class_list":{"0":"post-149","1":"product","2":"type-product","3":"status-publish","4":"has-post-thumbnail","6":"book_author-jorge-gustavo-portella","7":"product_cat-caminos-de-la-poesia","8":"entry"},"_links":{"self":[{"href":"https:\/\/www.baquiana.com\/bookstore\/wp-json\/wp\/v2\/product\/149"}],"collection":[{"href":"https:\/\/www.baquiana.com\/bookstore\/wp-json\/wp\/v2\/product"}],"about":[{"href":"https:\/\/www.baquiana.com\/bookstore\/wp-json\/wp\/v2\/types\/product"}],"replies":[{"embeddable":true,"href":"https:\/\/www.baquiana.com\/bookstore\/wp-json\/wp\/v2\/comments?post=149"}],"wp:featuredmedia":[{"embeddable":true,"href":"https:\/\/www.baquiana.com\/bookstore\/wp-json\/wp\/v2\/media\/571"}],"wp:attachment":[{"href":"https:\/\/www.baquiana.com\/bookstore\/wp-json\/wp\/v2\/media?parent=149"}],"wp:term":[{"taxonomy":"product_cat","embeddable":true,"href":"https:\/\/www.baquiana.com\/bookstore\/wp-json\/wp\/v2\/product_cat?post=149"},{"taxonomy":"product_tag","embeddable":true,"href":"https:\/\/www.baquiana.com\/bookstore\/wp-json\/wp\/v2\/product_tag?post=149"}],"curies":[{"name":"wp","href":"https:\/\/api.w.org\/{rel}","templated":true}]}}