{"id":166,"date":"2016-04-25T06:25:51","date_gmt":"2016-04-25T06:25:51","guid":{"rendered":"http:\/\/www.baquiana.com\/bookstore\/product\/abrazos-urgentes\/"},"modified":"2021-10-10T17:45:55","modified_gmt":"2021-10-10T21:45:55","slug":"abrazos-urgentes","status":"publish","type":"product","link":"https:\/\/www.baquiana.com\/bookstore\/product\/abrazos-urgentes\/","title":{"rendered":"ABRAZOS URGENTES"},"content":{"rendered":"<p style=\"text-align: justify;\">El libro Abrazos Urgentes presentado por el Centro Cultural Espa\u00f1ol de Miami y Ediciones Baquiana, pretende ser un di\u00e1logo con los sentimientos, la soledad, el sufrimiento y el amor. Su autor, el catal\u00e1n Sergio Gelonch, primer premio de Nuevos Valores de la Poes\u00eda Hispana 2013, dice: \u201cEscribo poes\u00eda para que la gente la haga suya, para que la sufran como la he sufrido yo, para que la disfruten, la critiquen, la discutan, la pongan en sus bocas y la mejoren o la destrocen. No escribo con las manos sino con mis entra\u00f1as y con los pies que van haciendo camino, como dec\u00eda Antonio Machado.<\/p>\n<p style=\"text-align: right;\"><strong>El amor en los tiempos de Sergio Gelonch<br \/>\n<\/strong><strong>por Elena Iglesias<br \/>\nESPECIAL\/EL NUEVO HERALD<\/strong><strong><br \/>\n<\/strong><strong>28 de mayo de 2014<\/strong><\/p>\n","protected":false},"excerpt":{"rendered":"<p>El libro Abrazos Urgentes presentado por el Centro Cultural Espa\u00f1ol de Miami y Ediciones Baquiana, pretende ser un di\u00e1logo con los sentimientos, la soledad, el sufrimiento y el amor. Su autor, el catal\u00e1n Sergio Gelonch, primer premio de Nuevos Valores de la Poes\u00eda Hispana 2013, dice: \u201cEscribo poes\u00eda para que la gente la haga suya, [&hellip;]<\/p>\n","protected":false},"featured_media":565,"comment_status":"open","ping_status":"closed","template":"","meta":[],"product_cat":[11],"product_tag":[],"class_list":{"0":"post-166","1":"product","2":"type-product","3":"status-publish","4":"has-post-thumbnail","6":"book_author-sergio-gelonch","7":"product_cat-caminos-de-la-poesia","8":"entry"},"_links":{"self":[{"href":"https:\/\/www.baquiana.com\/bookstore\/wp-json\/wp\/v2\/product\/166"}],"collection":[{"href":"https:\/\/www.baquiana.com\/bookstore\/wp-json\/wp\/v2\/product"}],"about":[{"href":"https:\/\/www.baquiana.com\/bookstore\/wp-json\/wp\/v2\/types\/product"}],"replies":[{"embeddable":true,"href":"https:\/\/www.baquiana.com\/bookstore\/wp-json\/wp\/v2\/comments?post=166"}],"wp:featuredmedia":[{"embeddable":true,"href":"https:\/\/www.baquiana.com\/bookstore\/wp-json\/wp\/v2\/media\/565"}],"wp:attachment":[{"href":"https:\/\/www.baquiana.com\/bookstore\/wp-json\/wp\/v2\/media?parent=166"}],"wp:term":[{"taxonomy":"product_cat","embeddable":true,"href":"https:\/\/www.baquiana.com\/bookstore\/wp-json\/wp\/v2\/product_cat?post=166"},{"taxonomy":"product_tag","embeddable":true,"href":"https:\/\/www.baquiana.com\/bookstore\/wp-json\/wp\/v2\/product_tag?post=166"}],"curies":[{"name":"wp","href":"https:\/\/api.w.org\/{rel}","templated":true}]}}