{"id":168,"date":"2016-04-25T06:28:22","date_gmt":"2016-04-25T06:28:22","guid":{"rendered":"http:\/\/www.baquiana.com\/bookstore\/product\/miami\/"},"modified":"2024-01-21T22:12:02","modified_gmt":"2024-01-22T03:12:02","slug":"miami-poemas-de-la-ciudad-poems-of-the-city","status":"publish","type":"product","link":"https:\/\/www.baquiana.com\/bookstore\/product\/miami-poemas-de-la-ciudad-poems-of-the-city\/","title":{"rendered":"MIAMI (poemas de la ciudad &#8211; poems of the city)"},"content":{"rendered":"<p style=\"font-weight: 400; text-align: justify;\">En interesante disertaci\u00f3n sobre la poes\u00eda en general a la luz del inspirador Jos\u00e9 Lezama Lima, Gonz\u00e1lez L\u00f3pez comenz\u00f3 su an\u00e1lisis de\u00a0<em>Miami, poema de la ciudad \u2013 Poems of the City,<\/em>\u00a0haciendo un atisbo de contraste con\u00a0<em>Vicio de Miami,\u00a0<\/em>de N\u00e9stor D\u00edaz de Villegas, a quien considera que abord\u00f3 la ciudad de modo distante, aunque yo dir\u00eda de modo ir\u00f3nico, mientras que el de Maricel es \u201cun hermoso breviario autobiogr\u00e1fico\u201d, una de cuyas cualidades es \u201cla sinceridad y la honestidad de la autora\u201d.<\/p>\n<p style=\"font-weight: 400; text-align: right;\"><strong>Maricel\u00a0Mayor\u00a0Mars\u00e1n\u00a0poetiza sus<\/strong><strong>\u00a0vivencias\u00a0de Miami<br \/>\npor Olga Connor<br \/>\n<\/strong><strong>ESPECIAL\/EL NUEVO HERALD<\/strong><br \/>\n<strong> 30 de noviembre de 2015<\/strong><\/p>\n<p style=\"font-weight: 400; text-align: justify;\">El inter\u00e9s de Maricel por la ciudad no s\u00f3lo aparece en este nuevo libro. Para quienes ya han le\u00eddo su obra, y para los que no se los comento, ya ha incluido en sus anteriores poes\u00edas los temas que conciernen a sus intereses citadinos. <em>Poemas desde Church Street<\/em>\u00a0(2006) y\u00a0<em>Rumores de Suburbios<\/em>\u00a0(2009), son testimonio de ello.<\/p>\n<p style=\"font-weight: 400; text-align: right;\"><strong>M\u00f3nica Prandi<\/strong><br \/>\n<strong> Directora y Editora<\/strong><br \/>\n<strong> REVISTA LETRA URBANA<\/strong><br \/>\n<strong>29 de Septiembre de 2015<\/strong><\/p>\n","protected":false},"excerpt":{"rendered":"<p>En interesante disertaci\u00f3n sobre la poes\u00eda en general a la luz del inspirador Jos\u00e9 Lezama Lima, Gonz\u00e1lez L\u00f3pez comenz\u00f3 su an\u00e1lisis de\u00a0Miami, poema de la ciudad \u2013 Poems of the City,\u00a0haciendo un atisbo de contraste con\u00a0Vicio de Miami,\u00a0de N\u00e9stor D\u00edaz de Villegas, a quien considera que abord\u00f3 la ciudad de modo distante, aunque yo dir\u00eda [&hellip;]<\/p>\n","protected":false},"featured_media":503,"comment_status":"open","ping_status":"closed","template":"","meta":[],"product_cat":[11],"product_tag":[],"class_list":{"0":"post-168","1":"product","2":"type-product","3":"status-publish","4":"has-post-thumbnail","6":"book_author-maricel-mayor-marsan","7":"product_cat-caminos-de-la-poesia","8":"entry"},"_links":{"self":[{"href":"https:\/\/www.baquiana.com\/bookstore\/wp-json\/wp\/v2\/product\/168"}],"collection":[{"href":"https:\/\/www.baquiana.com\/bookstore\/wp-json\/wp\/v2\/product"}],"about":[{"href":"https:\/\/www.baquiana.com\/bookstore\/wp-json\/wp\/v2\/types\/product"}],"replies":[{"embeddable":true,"href":"https:\/\/www.baquiana.com\/bookstore\/wp-json\/wp\/v2\/comments?post=168"}],"wp:featuredmedia":[{"embeddable":true,"href":"https:\/\/www.baquiana.com\/bookstore\/wp-json\/wp\/v2\/media\/503"}],"wp:attachment":[{"href":"https:\/\/www.baquiana.com\/bookstore\/wp-json\/wp\/v2\/media?parent=168"}],"wp:term":[{"taxonomy":"product_cat","embeddable":true,"href":"https:\/\/www.baquiana.com\/bookstore\/wp-json\/wp\/v2\/product_cat?post=168"},{"taxonomy":"product_tag","embeddable":true,"href":"https:\/\/www.baquiana.com\/bookstore\/wp-json\/wp\/v2\/product_tag?post=168"}],"curies":[{"name":"wp","href":"https:\/\/api.w.org\/{rel}","templated":true}]}}