{"id":169,"date":"2016-04-26T02:19:54","date_gmt":"2016-04-26T02:19:54","guid":{"rendered":"http:\/\/www.baquiana.com\/bookstore\/product\/haz-de-incitaciones\/"},"modified":"2024-01-21T22:42:58","modified_gmt":"2024-01-22T03:42:58","slug":"haz-de-incitaciones","status":"publish","type":"product","link":"https:\/\/www.baquiana.com\/bookstore\/product\/haz-de-incitaciones\/","title":{"rendered":"HAZ DE INCITACIONES"},"content":{"rendered":"<p style=\"font-weight: 400;\"><strong>CONTENIDO:<\/strong><\/p>\n<p style=\"font-weight: 400;\"><strong>\u00a0<\/strong><strong>1.- Pr\u00f3logo de Olimpia B. Gonz\u00e1lez<br \/>\n<\/strong><strong>2.- Frente a una imagen que danza en la pantalla: cine y poes\u00eda<br \/>\n<\/strong><strong>\u00a0\u00a0\u00a0\u00a0\u00a0por Jes\u00fas J. Barquet<br \/>\n<\/strong><strong>3.- Los cuerpos de la naci\u00f3n: una mirada reflexiva a mi trabajo<br \/>\n<\/strong><strong>\u00a0\u00a0\u00a0\u00a0\u00a0por Yovani Bauta<br \/>\n<\/strong><strong>4.- Rapto sibilino: hacia una mitopo\u00e9tica de la imagen<br \/>\n<\/strong><strong>\u00a0\u00a0\u00a0\u00a0\u00a0por Mar\u00eda Elena Blanco<br \/>\n<\/strong><strong>5.- Mi loco amor por la pintura: alquimia, encuentros casuales y poes\u00eda<br \/>\n<\/strong><strong>\u00a0\u00a0\u00a0\u00a0\u00a0por Carlota Caulfield<br \/>\n<\/strong><strong>6.- Un\u00a0<em><u>pas de trois<\/u><\/em>\u00a0entre la poes\u00eda, el ballet y el teatro<br \/>\n<\/strong><strong>\u00a0\u00a0\u00a0\u00a0\u00a0por Maricel Mayor Mars\u00e1n<br \/>\n<\/strong><strong>7.- La sorpresa de la palabra y la l\u00ednea<br \/>\n<\/strong><strong>\u00a0\u00a0\u00a0\u00a0\u00a0por Gladys Triana<br \/>\n<\/strong><strong>8.- La escritura imantada<br \/>\n<\/strong><strong>\u00a0\u00a0\u00a0\u00a0\u00a0por P\u00edo E. Serrano<br \/>\n<\/strong><strong>9.- Bio-bibliograf\u00edas<\/strong><\/p>\n<p style=\"font-weight: 400;\"><strong><em>\u00a0<\/em><\/strong><strong><em>\u00a0<\/em><\/strong><\/p>\n<p style=\"text-align: justify;\"><strong><em>\u201cSu contenido expresa con agilidad la compleja alquimia de la multiplicaci\u00f3n de las im\u00e1genes como vivencia elemental de donde surge la persona del artista y del poeta. \u00bfQu\u00e9 lleva al \u201cartista adolescente\u201d a descubrir ese camino que ir\u00e1 avanzando ante su vista encandilada? Como dice Jos\u00e9 Lezama Lima, crear no es una cuesti\u00f3n de la diferencia o el salto hacia lo contrario, sino un descubrimiento de lo que ya vive en nosotros cuando comprendemos que las ideas que fluyen en nuestro ambiente han encontrado un terreno para crecer y transformarse.\u201d<\/em><\/strong><\/p>\n<p style=\"font-weight: 400; text-align: right;\"><strong>Olimpia B. Gonz\u00e1lez<br \/>\n<\/strong><strong>Universidad Loyola de Chicago<br \/>\n<\/strong><strong>POETAS Y ARTISTAS CUBANOS HABLAN<\/strong><\/p>\n<p style=\"text-align: right;\"><strong>EDITORES: JES\u00daS J. BARQUET Y MARICEL MAYOR MARS\u00c1N<\/strong><br \/>\n<strong>TEXTOS DE: JES\u00daS J. BARQUET, YOVANI BAUTA, MAR\u00cdA ELENA BLANCO,<\/strong><br \/>\n<strong>CARLOTA CAULFIELD, MARICEL MAYOR MARS\u00c1N, P\u00cdO E. SERRANO Y GLADYS TRIANA.<\/strong><br \/>\n<strong>PR\u00d3LOGO DE: OLIMPIA B. GONZ\u00c1LEZ<\/strong><\/p>\n","protected":false},"excerpt":{"rendered":"<p>CONTENIDO: \u00a01.- Pr\u00f3logo de Olimpia B. Gonz\u00e1lez 2.- Frente a una imagen que danza en la pantalla: cine y poes\u00eda \u00a0\u00a0\u00a0\u00a0\u00a0por Jes\u00fas J. Barquet 3.- Los cuerpos de la naci\u00f3n: una mirada reflexiva a mi trabajo \u00a0\u00a0\u00a0\u00a0\u00a0por Yovani Bauta 4.- Rapto sibilino: hacia una mitopo\u00e9tica de la imagen \u00a0\u00a0\u00a0\u00a0\u00a0por Mar\u00eda Elena Blanco 5.- Mi loco [&hellip;]<\/p>\n","protected":false},"featured_media":534,"comment_status":"open","ping_status":"closed","template":"","meta":[],"product_cat":[33],"product_tag":[],"class_list":{"0":"post-169","1":"product","2":"type-product","3":"status-publish","4":"has-post-thumbnail","6":"book_author-jesus-j-barquet-maricel-mayor-marsan-editores","7":"product_cat-senderos-de-la-narrativa","8":"entry"},"_links":{"self":[{"href":"https:\/\/www.baquiana.com\/bookstore\/wp-json\/wp\/v2\/product\/169"}],"collection":[{"href":"https:\/\/www.baquiana.com\/bookstore\/wp-json\/wp\/v2\/product"}],"about":[{"href":"https:\/\/www.baquiana.com\/bookstore\/wp-json\/wp\/v2\/types\/product"}],"replies":[{"embeddable":true,"href":"https:\/\/www.baquiana.com\/bookstore\/wp-json\/wp\/v2\/comments?post=169"}],"wp:featuredmedia":[{"embeddable":true,"href":"https:\/\/www.baquiana.com\/bookstore\/wp-json\/wp\/v2\/media\/534"}],"wp:attachment":[{"href":"https:\/\/www.baquiana.com\/bookstore\/wp-json\/wp\/v2\/media?parent=169"}],"wp:term":[{"taxonomy":"product_cat","embeddable":true,"href":"https:\/\/www.baquiana.com\/bookstore\/wp-json\/wp\/v2\/product_cat?post=169"},{"taxonomy":"product_tag","embeddable":true,"href":"https:\/\/www.baquiana.com\/bookstore\/wp-json\/wp\/v2\/product_tag?post=169"}],"curies":[{"name":"wp","href":"https:\/\/api.w.org\/{rel}","templated":true}]}}