{"id":171,"date":"2016-04-26T02:44:03","date_gmt":"2016-04-26T06:44:03","guid":{"rendered":"http:\/\/www.baquiana.com\/bookstore\/product\/espanol-o-espanglish\/"},"modified":"2022-10-23T01:22:28","modified_gmt":"2022-10-23T05:22:28","slug":"espanol-o-espanglish","status":"publish","type":"product","link":"https:\/\/www.baquiana.com\/bookstore\/product\/espanol-o-espanglish\/","title":{"rendered":"ESPA\u00d1OL O ESPANGLISH"},"content":{"rendered":"<p style=\"font-weight: 400; text-align: justify;\"><strong>Este libro es un compendio de todas las conferencias correspondientes a los seis di\u00e1logos, relacionados al tema del espa\u00f1ol en los EE.UU., que han tenido lugar en el CCE desde octubre de 2004. El libro incluye textos de expertos de la prensa escrita y radial, profesores secundarios, catedr\u00e1ticos universitarios, empresarios, c\u00f3nsules acreditados en el \u00e1rea y acad\u00e9micos de la lengua, tales como Od\u00f3n Betanzos Palacios (director de la Academia Norteamericana de la Lengua Espa\u00f1ola desde 1978 hasta su fallecimiento en septiembre de 2007), Santiago Cabanas Ansorena (C\u00f3nsul General de Espa\u00f1a en Miami), Olga Connor (Columnista de El Nuevo Herald), Enrique C\u00f3rdoba Rocha (Periodista radial de Radio Caracol), Luis de la Paz (Cr\u00edtico Literario de La Revista del Diario Las Am\u00e9ricas), Pedro Blas Gonz\u00e1lez (Catedr\u00e1tico de Barry University), Carmenza Jaramillo (C\u00f3nsul General de Colombia en Miami hasta el 2007), Aida Levitan (Presidenta de Levitan Palencia Marketing Communications), Jorge Lomonaco (C\u00f3nsul General de M\u00e9xico en Miami hasta el 2007), Humberto L\u00f3pez Morales (Secretario General de la Asociaci\u00f3n de Academias de la Lengua Espa\u00f1ola), Guillermo Lousteau Heguy (Catedr\u00e1tico y Coordinador del Programa de Maestr\u00eda en Ciencias Pol\u00edticas en Espa\u00f1ol de FIU), Elinet Medina (Directora Editorial de la revista PC World Latin America), Orlando Rossardi (Miembro del PEN Club de Escritores Cubanos en el Exilio), Rosa Sugra\u00f1es (Presidenta de Iberia Tiles Corporation), Francisco Javier Usero V\u00edlchez (Profesor del programa internacional del Ministerio de Educaci\u00f3n de Espa\u00f1a), Beatriz Varela (Acad\u00e9mica de N\u00famero de la Academia Norteamericana de la Lengua Espa\u00f1ola) y Gladys Zald\u00edvar (Catedr\u00e1tica Em\u00e9rita de Western Maryland College).<\/strong><\/p>\n<p style=\"font-weight: 400; text-align: justify;\"><strong>La coordinaci\u00f3n de los di\u00e1logos y del libro, as\u00ed como el pr\u00f3logo y la edici\u00f3n del mismo\u00a0estuvo\u00a0a cargo de la profesora y escritora Maricel Mayor Mars\u00e1n.<\/strong><\/p>\n<p style=\"font-weight: 400; text-align: justify;\"><strong>Este proyecto cont\u00f3 con el auspicio del Centro Cultural Espa\u00f1ol de\u00a0Miami (CCEMIAMI)\u00a0y\u00a0la Agencia Espa\u00f1ola de Cooperaci\u00f3n Iberoamericana para el Desarrollo (AECID).<\/strong><\/p>\n<p style=\"text-align: right;\"><strong>Nota de Prensa<\/strong><br \/>\n<strong> <em>Ediciones Baquiana<\/em><\/strong><\/p>\n","protected":false},"excerpt":{"rendered":"<p>Este libro es un compendio de todas las conferencias correspondientes a los seis di\u00e1logos, relacionados al tema del espa\u00f1ol en los EE.UU., que han tenido lugar en el CCE desde octubre de 2004. El libro incluye textos de expertos de la prensa escrita y radial, profesores secundarios, catedr\u00e1ticos universitarios, empresarios, c\u00f3nsules acreditados en el \u00e1rea [&hellip;]<\/p>\n","protected":false},"featured_media":536,"comment_status":"open","ping_status":"closed","template":"","meta":[],"product_cat":[33],"product_tag":[],"class_list":{"0":"post-171","1":"product","2":"type-product","3":"status-publish","4":"has-post-thumbnail","6":"book_author-maricel-mayor-marsan-editora","7":"product_cat-senderos-de-la-narrativa","8":"entry"},"_links":{"self":[{"href":"https:\/\/www.baquiana.com\/bookstore\/wp-json\/wp\/v2\/product\/171"}],"collection":[{"href":"https:\/\/www.baquiana.com\/bookstore\/wp-json\/wp\/v2\/product"}],"about":[{"href":"https:\/\/www.baquiana.com\/bookstore\/wp-json\/wp\/v2\/types\/product"}],"replies":[{"embeddable":true,"href":"https:\/\/www.baquiana.com\/bookstore\/wp-json\/wp\/v2\/comments?post=171"}],"wp:featuredmedia":[{"embeddable":true,"href":"https:\/\/www.baquiana.com\/bookstore\/wp-json\/wp\/v2\/media\/536"}],"wp:attachment":[{"href":"https:\/\/www.baquiana.com\/bookstore\/wp-json\/wp\/v2\/media?parent=171"}],"wp:term":[{"taxonomy":"product_cat","embeddable":true,"href":"https:\/\/www.baquiana.com\/bookstore\/wp-json\/wp\/v2\/product_cat?post=171"},{"taxonomy":"product_tag","embeddable":true,"href":"https:\/\/www.baquiana.com\/bookstore\/wp-json\/wp\/v2\/product_tag?post=171"}],"curies":[{"name":"wp","href":"https:\/\/api.w.org\/{rel}","templated":true}]}}