{"id":278,"date":"2017-02-13T21:08:58","date_gmt":"2017-02-14T02:08:58","guid":{"rendered":"http:\/\/www.baquiana.com\/bookstore\/product\/arbol-de-tu-olvido\/"},"modified":"2024-01-21T22:11:33","modified_gmt":"2024-01-22T03:11:33","slug":"arbol-de-tu-olvido","status":"publish","type":"product","link":"https:\/\/www.baquiana.com\/bookstore\/product\/arbol-de-tu-olvido\/","title":{"rendered":"\u00c1rbol de tu olvido"},"content":{"rendered":"<p style=\"text-align: justify;\">El poemario <strong><em>\u00c1rbol de tu olvido<\/em><\/strong> cumple su funci\u00f3n: regresar a la tradici\u00f3n para, en ella, encontrar nuestros yerros, pecados o la simple condici\u00f3n humana que acecha nuestra psicolog\u00eda como sujetos. Toda narrativa pasa por la escritura de los grandes conflictos entre nuestra gran comunidad. El adjetivo global ya no pertenece al mundo postmoderno porque est\u00e1 aqu\u00ed instaurado en forma de palabras, con todos sus protagonistas. Hoy las leyendas aparecen entremezcladas en un gran espacio llamado planeta Tierra. Omar Villasana Cardoza viaja como Ulises por un mar enciclop\u00e9dico, lleno de v\u00ednculos y aventuras, y relata sus fuentes de inspiraci\u00f3n a partir de estos retratos. Los marcos que encierran estos mitos son la madera del \u00e1rbol de sus memorias que no permiten que lleguen a ti al punto del olvido.<\/p>\n<p style=\"text-align: right;\"><b>Eduard Reboll<\/b><br \/>\n<b>Pr\u00f3logo del libro <em>\u00c1RBOL\u00a0DE TU OLVIDO<br \/>\n<\/em>Enero de 2017<\/b><\/p>\n","protected":false},"excerpt":{"rendered":"<p>El poemario \u00c1rbol de tu olvido cumple su funci\u00f3n: regresar a la tradici\u00f3n para, en ella, encontrar nuestros yerros, pecados o la simple condici\u00f3n humana que acecha nuestra psicolog\u00eda como sujetos. Toda narrativa pasa por la escritura de los grandes conflictos entre nuestra gran comunidad. El adjetivo global ya no pertenece al mundo postmoderno porque [&hellip;]<\/p>\n","protected":false},"featured_media":504,"comment_status":"open","ping_status":"closed","template":"","meta":[],"product_cat":[11],"product_tag":[],"class_list":{"0":"post-278","1":"product","2":"type-product","3":"status-publish","4":"has-post-thumbnail","6":"book_author-omar-villasana-cardoza","7":"product_cat-caminos-de-la-poesia","8":"entry"},"_links":{"self":[{"href":"https:\/\/www.baquiana.com\/bookstore\/wp-json\/wp\/v2\/product\/278"}],"collection":[{"href":"https:\/\/www.baquiana.com\/bookstore\/wp-json\/wp\/v2\/product"}],"about":[{"href":"https:\/\/www.baquiana.com\/bookstore\/wp-json\/wp\/v2\/types\/product"}],"replies":[{"embeddable":true,"href":"https:\/\/www.baquiana.com\/bookstore\/wp-json\/wp\/v2\/comments?post=278"}],"wp:featuredmedia":[{"embeddable":true,"href":"https:\/\/www.baquiana.com\/bookstore\/wp-json\/wp\/v2\/media\/504"}],"wp:attachment":[{"href":"https:\/\/www.baquiana.com\/bookstore\/wp-json\/wp\/v2\/media?parent=278"}],"wp:term":[{"taxonomy":"product_cat","embeddable":true,"href":"https:\/\/www.baquiana.com\/bookstore\/wp-json\/wp\/v2\/product_cat?post=278"},{"taxonomy":"product_tag","embeddable":true,"href":"https:\/\/www.baquiana.com\/bookstore\/wp-json\/wp\/v2\/product_tag?post=278"}],"curies":[{"name":"wp","href":"https:\/\/api.w.org\/{rel}","templated":true}]}}