{"id":328,"date":"2018-06-26T21:22:50","date_gmt":"2018-06-27T01:22:50","guid":{"rendered":"http:\/\/www.baquiana.com\/bookstore\/product\/el-cambio-de-las-estaciones\/"},"modified":"2024-01-21T22:10:08","modified_gmt":"2024-01-22T03:10:08","slug":"el-cambio-de-las-estaciones","status":"publish","type":"product","link":"https:\/\/www.baquiana.com\/bookstore\/product\/el-cambio-de-las-estaciones\/","title":{"rendered":"El Cambio de las Estaciones"},"content":{"rendered":"<p style=\"font-weight: 400; text-align: justify;\">EL CAMBIO DE LAS ESTACIONES es una novela que refleja el papel de la mujer, a trav\u00e9s de una saga familiar, dentro de la sociedad rural y patriarcal caribe\u00f1a a lo largo del siglo XX. Aunque no se dan detalles precisos, todo comienza a partir de la primera ocupaci\u00f3n norteamericana en la Rep\u00fablica Dominicana en el a\u00f1o 1916.<\/p>\n<p style=\"text-align: justify;\">La novela est\u00e1 compuesta de relatos que tejen una cronolog\u00eda de amor y de vida entre s\u00ed. Los pasajes existenciales de los personajes centrales (Mariana y Juan) y las historias de otros miembros de la familia sacan a flote las pr\u00e1cticas y costumbres de una familia tradicional de aquella \u00e9poca en el interior del pa\u00eds, donde las mujeres eran v\u00edctimas del autoritarismo y el machismo. El tema del racismo, las peleas de gallos y las creencias religiosas tambi\u00e9n forman parte de esta interesante narrativa.<\/p>\n","protected":false},"excerpt":{"rendered":"<p>EL CAMBIO DE LAS ESTACIONES es una novela que refleja el papel de la mujer, a trav\u00e9s de una saga familiar, dentro de la sociedad rural y patriarcal caribe\u00f1a a lo largo del siglo XX. Aunque no se dan detalles precisos, todo comienza a partir de la primera ocupaci\u00f3n norteamericana en la Rep\u00fablica Dominicana en [&hellip;]<\/p>\n","protected":false},"featured_media":547,"comment_status":"open","ping_status":"closed","template":"","meta":[],"product_cat":[33],"product_tag":[],"class_list":{"0":"post-328","1":"product","2":"type-product","3":"status-publish","4":"has-post-thumbnail","6":"book_author-myra-m-medina","7":"product_cat-senderos-de-la-narrativa","8":"entry"},"_links":{"self":[{"href":"https:\/\/www.baquiana.com\/bookstore\/wp-json\/wp\/v2\/product\/328"}],"collection":[{"href":"https:\/\/www.baquiana.com\/bookstore\/wp-json\/wp\/v2\/product"}],"about":[{"href":"https:\/\/www.baquiana.com\/bookstore\/wp-json\/wp\/v2\/types\/product"}],"replies":[{"embeddable":true,"href":"https:\/\/www.baquiana.com\/bookstore\/wp-json\/wp\/v2\/comments?post=328"}],"wp:featuredmedia":[{"embeddable":true,"href":"https:\/\/www.baquiana.com\/bookstore\/wp-json\/wp\/v2\/media\/547"}],"wp:attachment":[{"href":"https:\/\/www.baquiana.com\/bookstore\/wp-json\/wp\/v2\/media?parent=328"}],"wp:term":[{"taxonomy":"product_cat","embeddable":true,"href":"https:\/\/www.baquiana.com\/bookstore\/wp-json\/wp\/v2\/product_cat?post=328"},{"taxonomy":"product_tag","embeddable":true,"href":"https:\/\/www.baquiana.com\/bookstore\/wp-json\/wp\/v2\/product_tag?post=328"}],"curies":[{"name":"wp","href":"https:\/\/api.w.org\/{rel}","templated":true}]}}

<p style="font-weight: 400; text-align: justify;">EL CAMBIO DE LAS ESTACIONES es una novela que refleja el papel de la mujer, a través de una saga familiar, dentro de la sociedad rural y patriarcal caribeña a lo largo del siglo XX. Aunque no se dan detalles precisos, todo comienza a partir de la primera ocupación norteamericana en la República Dominicana en el año 1916.</p>
<p style="text-align: justify;">La novela está compuesta de relatos que tejen una cronología de amor y de vida entre sí. Los pasajes existenciales de los personajes centrales (Mariana y Juan) y las historias de otros miembros de la familia sacan a flote las prácticas y costumbres de una familia tradicional de aquella época en el interior del país, donde las mujeres eran víctimas del autoritarismo y el machismo. El tema del racismo, las peleas de gallos y las creencias religiosas también forman parte de esta interesante narrativa.</p>

<p>EL CAMBIO DE LAS ESTACIONES es una novela que refleja el papel de la mujer, a través de una saga familiar, dentro de la sociedad rural y patriarcal caribeña a lo largo del siglo XX. Aunque no se dan detalles precisos, todo comienza a partir de la primera ocupación norteamericana en la República Dominicana en [&hellip;]</p>
